{"id":3,"date":"2021-05-18T13:49:01","date_gmt":"2021-05-18T11:49:01","guid":{"rendered":"https:\/\/ac2praktikum.cup.uni-muenchen.de\/?page_id=3"},"modified":"2026-01-28T14:08:28","modified_gmt":"2026-01-28T13:08:28","slug":"impressum","status":"publish","type":"page","link":"https:\/\/ac2praktikum.cup.uni-muenchen.de\/index.php\/impressum\/","title":{"rendered":"Impressum"},"content":{"rendered":"<div data-colibri-id=\"3-c1\" class=\"style-283 style-local-3-c1 position-relative\">\n  <!---->\n  <div data-colibri-component=\"section\" data-colibri-id=\"3-c2\" id=\"custom-2\" class=\"h-section h-section-global-spacing d-flex align-items-lg-center align-items-md-center align-items-center style-556 style-local-3-c2 position-relative\">\n    <!---->\n    <!---->\n    <div class=\"h-section-grid-container h-section-boxed-container\">\n      <!---->\n      <div data-colibri-id=\"3-c3\" class=\"h-row-container gutters-row-lg-2 gutters-row-md-2 gutters-row-0 gutters-row-v-lg-2 gutters-row-v-md-2 gutters-row-v-2 style-557 style-local-3-c3 position-relative\">\n        <!---->\n        <div class=\"h-row justify-content-lg-center justify-content-md-center justify-content-center align-items-lg-stretch align-items-md-stretch align-items-stretch gutters-col-lg-2 gutters-col-md-2 gutters-col-0 gutters-col-v-lg-2 gutters-col-v-md-2 gutters-col-v-2\">\n          <!---->\n          <div class=\"h-column h-column-container d-flex h-col-lg-auto h-col-md-auto h-col-auto style-558-outer style-local-3-c4-outer\">\n            <div data-colibri-id=\"3-c4\" class=\"d-flex h-flex-basis h-column__inner h-px-lg-2 h-px-md-2 h-px-2 v-inner-lg-2 v-inner-md-2 v-inner-2 style-558 style-local-3-c4 position-relative\">\n              <!---->\n              <!---->\n              <div class=\"w-100 h-y-container h-column__content h-column__v-align flex-basis-100 align-self-lg-start align-self-md-start align-self-start\">\n                <!---->\n                <div data-colibri-id=\"3-c5\" class=\"h-text h-text-component style-560 style-local-3-c5 position-relative h-element\">\n                  <!---->\n                  <!---->\n                  <div class=\"\">\n                    <p>Wer wir sind\n                      <br>\n                    <\/p>\n                  <\/div>\n                <\/div>\n              <\/div>\n            <\/div>\n          <\/div>\n          <div class=\"h-column h-column-container d-flex h-col-lg-auto h-col-md-auto h-col-auto style-559-outer style-local-3-c6-outer\">\n            <div data-colibri-id=\"3-c6\" class=\"d-flex h-flex-basis h-column__inner h-px-lg-2 h-px-md-2 h-px-2 v-inner-lg-2 v-inner-md-2 v-inner-2 style-559 style-local-3-c6 position-relative\">\n              <!---->\n              <!---->\n              <div class=\"w-100 h-y-container h-column__content h-column__v-align flex-basis-100 align-self-lg-start align-self-md-start align-self-start\">\n                <!---->\n                <div data-colibri-id=\"3-c7\" class=\"h-text h-text-component style-561 style-local-3-c7 position-relative h-element\">\n                  <!---->\n                  <!---->\n                  <div class=\"\">\n                    <p>Das Praktikum AC2 findet in den Praktikumss\u00e4len der Anorganischen Chemie am Department&nbsp; Chemie der LMU M\u00fcnchen statt. Es ist dem Lehrstuhl f\u00fcr Anorganische Festk\u00f6rperchemie, Prof. Dr. Wolfgang Schnick, angegliedert. Das Praktikum\n                      wird verantwortlich konzipiert und geleitet von PD. Dr. Constantin Hoch.\n                      <br>\n                    <\/p>\n                  <\/div>\n                <\/div>\n                <div data-colibri-id=\"3-c8\" class=\"h-x-container style-582 style-local-3-c8 position-relative h-element\">\n                  <!---->\n                  <div class=\"h-x-container-inner style-dynamic-3-c8-group style-582-spacing style-local-3-c8-spacing\"><span class=\"h-link__outer style-583-outer style-local-3-c9-outer d-inline-flex h-element\"><a h-use-smooth-scroll=\"true\" href=\"mailto:constantin.hoch@cup.lmu.de\"  data-colibri-id=\"3-c9\" class=\"d-flex w-100 align-items-center h-link style-583 style-local-3-c9 position-relative\"><!----><span  class=\"h-svg-icon h-link__icon style-583-icon style-local-3-c9-icon\"><!--Icon by Font Awesome (https:\/\/fontawesome.com)-->\n    <svg version=\"1.1\" xmlns=\"http:\/\/www.w3.org\/2000\/svg\" xmlns:xlink=\"http:\/\/www.w3.org\/1999\/xlink\" id=\"envelope-o\" viewBox=\"0 0 1792 1896.0833\">\n      <path d=\"M1664 1504V736q-32 36-69 66-268 206-426 338-51 43-83 67t-86.5 48.5T897 1280h-2q-48 0-102.5-24.5T706 1207t-83-67q-158-132-426-338-37-30-69-66v768q0 13 9.5 22.5t22.5 9.5h1472q13 0 22.5-9.5t9.5-22.5zm0-1051v-24.5l-.5-13-3-12.5-5.5-9-9-7.5-14-2.5H160q-13 0-22.5 9.5T128 416q0 168 147 284 193 152 401 317 6 5 35 29.5t46 37.5 44.5 31.5T852 1143t43 9h2q20 0 43-9t50.5-27.5 44.5-31.5 46-37.5 35-29.5q208-165 401-317 54-43 100.5-115.5T1664 453zm128-37v1088q0 66-47 113t-113 47H160q-66 0-113-47T0 1504V416q0-66 47-113t113-47h1472q66 0 113 47t47 113z\"><\/path>\n    <\/svg><\/span> <span>Mail an Constantin Hoch<\/span><\/a>\n                    <\/span>\n                  <\/div>\n                <\/div>\n              <\/div>\n            <\/div>\n          <\/div>\n        <\/div>\n      <\/div>\n      <div data-colibri-id=\"3-c10\" class=\"h-row-container gutters-row-lg-2 gutters-row-md-2 gutters-row-0 gutters-row-v-lg-2 gutters-row-v-md-2 gutters-row-v-2 style-562 style-local-3-c10 position-relative\">\n        <!---->\n        <div class=\"h-row justify-content-lg-center justify-content-md-center justify-content-center align-items-lg-stretch align-items-md-stretch align-items-stretch gutters-col-lg-2 gutters-col-md-2 gutters-col-0 gutters-col-v-lg-2 gutters-col-v-md-2 gutters-col-v-2\">\n          <!---->\n          <div class=\"h-column h-column-container d-flex h-col-lg-auto h-col-md-auto h-col-auto style-563-outer style-local-3-c11-outer\">\n            <div data-colibri-id=\"3-c11\" class=\"d-flex h-flex-basis h-column__inner h-px-lg-2 h-px-md-2 h-px-2 v-inner-lg-2 v-inner-md-2 v-inner-2 style-563 style-local-3-c11 position-relative\">\n              <!---->\n              <!---->\n              <div class=\"w-100 h-y-container h-column__content h-column__v-align flex-basis-100 align-self-lg-start align-self-md-start align-self-start\">\n                <!---->\n                <div data-colibri-id=\"3-c12\" class=\"h-text h-text-component style-565 style-local-3-c12 position-relative h-element\">\n                  <!---->\n                  <!---->\n                  <div class=\"\">\n                    <p>Verantwortlich f\u00fcr diese Seiten\n                      <br>\n                    <\/p>\n                  <\/div>\n                <\/div>\n              <\/div>\n            <\/div>\n          <\/div>\n          <div class=\"h-column h-column-container d-flex h-col-lg-auto h-col-md-auto h-col-auto style-564-outer style-local-3-c13-outer\">\n            <div data-colibri-id=\"3-c13\" class=\"d-flex h-flex-basis h-column__inner h-px-lg-2 h-px-md-2 h-px-2 v-inner-lg-2 v-inner-md-2 v-inner-2 style-564 style-local-3-c13 position-relative\">\n              <!---->\n              <!---->\n              <div class=\"w-100 h-y-container h-column__content h-column__v-align flex-basis-100 align-self-lg-start align-self-md-start align-self-start\">\n                <!---->\n                <div data-colibri-id=\"3-c14\" class=\"h-text h-text-component style-566 style-local-3-c14 position-relative h-element\">\n                  <!---->\n                  <!---->\n                  <div class=\"\">\n                    <p>Fakult\u00e4t Chemie und Pharmazie <\/p>\n                    <p>Ludwig-Maximilians-Universit\u00e4t M\u00fcnchen <\/p>\n                    <p>Butenandtstr. 5-13 <\/p>\n                    <p>81377 M\u00fcnchen <\/p>\n                    <p>Deutschland<\/p>\n                    <p><strong>Tel:<\/strong> +49 89 2180-77000 (Dekanat)<\/p>\n                    <p><strong>Fax:<\/strong> +49 89 2180-77002 (Dekanat)<\/p>\n                    <p><strong>Email:<\/strong>\n                      <a href=\"mailto:dekanat@cup.uni-muenchen.de\" draggable=\"false\">dekanat@cup.uni-muenchen.de<\/a>\n                    <\/p>\n                    <p><strong>Internet:<\/strong>\n                      <a href=\"http:\/\/www.cup.uni-muenchen.de\" target=\"_blank\" rel=\"noreferrer noopener\" class=\"customize-unpreviewable\" draggable=\"false\">www.cup.uni-muenchen.de<\/a>\n                    <\/p>\n                    <p>Die Fakult\u00e4t f\u00fcr Chemie und Pharmazie ist Teil der Ludwig-Maximilians-Universit\u00e4t M\u00fcnchen, einer K\u00f6rperschaft des \u00d6ffentlichen Rechts. Die Fakult\u00e4t wird durch den <strong>Dekan<\/strong> gesetzlich vertreten, siehe\n                      <a href=\"https:\/\/www.cup.uni-muenchen.de\/de\/fakultaet\/dekanat\"\n                        class=\"customize-unpreviewable\" draggable=\"false\">Dekanat<\/a>.<\/p>\n                    <p><strong>Zust\u00e4ndige Aufsichtsbeh\u00f6rde:<\/strong> Bayerisches Staatsministerium f\u00fcr Wissenschaft, Forschung und Kunst, 80327 M\u00fcnchen, Umsatzsteuer-Identifikationsnummer gem\u00e4\u00df \u00a7 27 a Umsatzsteuergesetz: DE 811205325<\/p>\n                  <\/div>\n                <\/div>\n              <\/div>\n            <\/div>\n          <\/div>\n        <\/div>\n      <\/div>\n      <div data-colibri-id=\"3-c15\" class=\"h-row-container gutters-row-lg-2 gutters-row-md-2 gutters-row-0 gutters-row-v-lg-2 gutters-row-v-md-2 gutters-row-v-2 style-12736 style-local-3-c15 position-relative\">\n        <!---->\n        <div class=\"h-row justify-content-lg-center justify-content-md-center justify-content-center align-items-lg-stretch align-items-md-stretch align-items-stretch gutters-col-lg-2 gutters-col-md-2 gutters-col-0 gutters-col-v-lg-2 gutters-col-v-md-2 gutters-col-v-2\">\n          <!---->\n          <div class=\"h-column h-column-container d-flex h-col-lg-auto h-col-md-auto h-col-auto style-12737-outer style-local-3-c16-outer\">\n            <div data-colibri-id=\"3-c16\" class=\"d-flex h-flex-basis h-column__inner h-px-lg-2 h-px-md-2 h-px-2 v-inner-lg-2 v-inner-md-2 v-inner-2 style-12737 style-local-3-c16 position-relative\">\n              <!---->\n              <!---->\n              <div class=\"w-100 h-y-container h-column__content h-column__v-align flex-basis-100 align-self-lg-start align-self-md-start align-self-start\">\n                <!---->\n                <div data-colibri-id=\"3-c17\" class=\"h-text h-text-component style-12739 style-local-3-c17 position-relative h-element\">\n                  <!---->\n                  <!---->\n                  <div class=\"\">\n                    <p>Datenschutzbeauftragter<\/p>\n                  <\/div>\n                <\/div>\n              <\/div>\n            <\/div>\n          <\/div>\n          <div class=\"h-column h-column-container d-flex h-col-lg-auto h-col-md-auto h-col-auto style-12738-outer style-local-3-c18-outer\">\n            <div data-colibri-id=\"3-c18\" class=\"d-flex h-flex-basis h-column__inner h-px-lg-2 h-px-md-2 h-px-2 v-inner-lg-2 v-inner-md-2 v-inner-2 style-12738 style-local-3-c18 position-relative\">\n              <!---->\n              <!---->\n              <div class=\"w-100 h-y-container h-column__content h-column__v-align flex-basis-100 align-self-lg-start align-self-md-start align-self-start\">\n                <!---->\n                <div data-colibri-id=\"3-c19\" class=\"h-text h-text-component style-12740 style-local-3-c19 position-relative h-element\">\n                  <!---->\n                  <!---->\n                  <div class=\"\">\n                    <p>Die Kontaktdaten des beh\u00f6rdlichen Datenschutzbeauftragten der LMU finden Sie im Internet auf der Internetseite der LMU:<\/p>\n                  <\/div>\n                <\/div>\n                <div data-colibri-id=\"3-c20\" class=\"h-x-container style-12741 style-local-3-c20 position-relative h-element\">\n                  <!---->\n                  <div class=\"h-x-container-inner style-dynamic-3-c20-group style-12741-spacing style-local-3-c20-spacing\"><span class=\"h-link__outer style-12742-outer style-local-3-c21-outer d-inline-flex h-element\"><a h-use-smooth-scroll=\"true\" href=\"https:\/\/www.lmu.de\/de\/die-lmu\/struktur\/organisation\/vertretungen-und-beauftragte\/datenschutzbeauftragte.html\"  data-colibri-id=\"3-c21\" class=\"d-flex w-100 align-items-center h-link style-12742 style-local-3-c21 position-relative\"><!----><!----> <span>Datenschutzbeauftragter der LMU<\/span><\/a>\n                    <\/span>\n                  <\/div>\n                <\/div>\n              <\/div>\n            <\/div>\n          <\/div>\n        <\/div>\n      <\/div>\n      <div data-colibri-id=\"3-c22\" class=\"h-row-container gutters-row-lg-2 gutters-row-md-2 gutters-row-0 gutters-row-v-lg-2 gutters-row-v-md-2 gutters-row-v-2 style-14695 style-local-3-c22 position-relative\">\n        <!---->\n        <div class=\"h-row justify-content-lg-center justify-content-md-center justify-content-center align-items-lg-stretch align-items-md-stretch align-items-stretch gutters-col-lg-2 gutters-col-md-2 gutters-col-0 gutters-col-v-lg-2 gutters-col-v-md-2 gutters-col-v-2\">\n          <!---->\n          <div class=\"h-column h-column-container d-flex h-col-lg-auto h-col-md-auto h-col-auto style-14696-outer style-local-3-c23-outer\">\n            <div data-colibri-id=\"3-c23\" class=\"d-flex h-flex-basis h-column__inner h-px-lg-2 h-px-md-2 h-px-2 v-inner-lg-2 v-inner-md-2 v-inner-2 style-14696 style-local-3-c23 position-relative\">\n              <!---->\n              <!---->\n              <div class=\"w-100 h-y-container h-column__content h-column__v-align flex-basis-100 align-self-lg-start align-self-md-start align-self-start\">\n                <!---->\n                <div data-colibri-id=\"3-c24\" class=\"h-text h-text-component style-14701 style-local-3-c24 position-relative h-element\">\n                  <!---->\n                  <!---->\n                  <div class=\"\">\n                    <p>Freistellungserkl\u00e4rung<\/p>\n                  <\/div>\n                <\/div>\n              <\/div>\n            <\/div>\n          <\/div>\n          <div class=\"h-column h-column-container d-flex h-col-lg-auto h-col-md-auto h-col-auto style-14697-outer style-local-3-c25-outer\">\n            <div data-colibri-id=\"3-c25\" class=\"d-flex h-flex-basis h-column__inner h-px-lg-2 h-px-md-2 h-px-2 v-inner-lg-2 v-inner-md-2 v-inner-2 style-14697 style-local-3-c25 position-relative\">\n              <!---->\n              <!---->\n              <div class=\"w-100 h-y-container h-column__content h-column__v-align flex-basis-100 align-self-lg-start align-self-md-start align-self-start\">\n                <!---->\n                <div data-colibri-id=\"3-c26\" class=\"h-text h-text-component style-14703 style-local-3-c26 position-relative h-element\">\n                  <!---->\n                  <!---->\n                  <div class=\"\">\n                    <p>Die Angaben wurden nach bestem Wissen erstellt, Fehler k\u00f6nnen jedoch nicht mit letzter Sicherheit ausgeschlossen werden. Rechtlich verbindlich sind ausschlie\u00dflich die Festlegungen in den einschl\u00e4gigen Rechtsgrundlagen (Gesetze, Verordnungen,\n                      Satzungen).<\/p>\n                  <\/div>\n                <\/div>\n              <\/div>\n            <\/div>\n          <\/div>\n        <\/div>\n      <\/div>\n      <div data-colibri-id=\"3-c27\" class=\"h-row-container gutters-row-lg-2 gutters-row-md-2 gutters-row-0 gutters-row-v-lg-2 gutters-row-v-md-2 gutters-row-v-2 style-14698 style-local-3-c27 position-relative\">\n        <!---->\n        <div class=\"h-row justify-content-lg-center justify-content-md-center justify-content-center align-items-lg-stretch align-items-md-stretch align-items-stretch gutters-col-lg-2 gutters-col-md-2 gutters-col-0 gutters-col-v-lg-2 gutters-col-v-md-2 gutters-col-v-2\">\n          <!---->\n          <div class=\"h-column h-column-container d-flex h-col-lg-auto h-col-md-auto h-col-auto style-14699-outer style-local-3-c28-outer\">\n            <div data-colibri-id=\"3-c28\" class=\"d-flex h-flex-basis h-column__inner h-px-lg-2 h-px-md-2 h-px-2 v-inner-lg-2 v-inner-md-2 v-inner-2 style-14699 style-local-3-c28 position-relative\">\n              <!---->\n              <!---->\n              <div class=\"w-100 h-y-container h-column__content h-column__v-align flex-basis-100 align-self-lg-start align-self-md-start align-self-start\">\n                <!---->\n                <div data-colibri-id=\"3-c29\" class=\"h-text h-text-component style-14702 style-local-3-c29 position-relative h-element\">\n                  <!---->\n                  <!---->\n                  <div class=\"\">\n                    <p>Haftungsausschluss<\/p>\n                  <\/div>\n                <\/div>\n              <\/div>\n            <\/div>\n          <\/div>\n          <div class=\"h-column h-column-container d-flex h-col-lg-auto h-col-md-auto h-col-auto style-14700-outer style-local-3-c30-outer\">\n            <div data-colibri-id=\"3-c30\" class=\"d-flex h-flex-basis h-column__inner h-px-lg-2 h-px-md-2 h-px-2 v-inner-lg-2 v-inner-md-2 v-inner-2 style-14700 style-local-3-c30 position-relative\">\n              <!---->\n              <!---->\n              <div class=\"w-100 h-y-container h-column__content h-column__v-align flex-basis-100 align-self-lg-start align-self-md-start align-self-start\">\n                <!---->\n                <div data-colibri-id=\"3-c31\" class=\"h-text h-text-component style-14704 style-local-3-c31 position-relative h-element\">\n                  <!---->\n                  <!---->\n                  <div class=\"\">\n                    <p>Mit Urteil vom 12. Mai 1998 hat das Landgericht Hamburg entschieden, dass ein Betreiber von Webseiten durch das Anbringen eines Links die Inhalte der gelinkten Seite gegebenenfalls mit zu verantworten hat. Dies kann &#8211; so das LG &#8211; nur\n                      dadurch verhindert werden, indem der Betreiber der Webseiten sich ausdr\u00fccklich von diesen Inhalten distanziert.<\/p>\n                    <p>F\u00fcr alle Links gilt: Wir m\u00f6chten ausdr\u00fccklich betonen, dass wir keinerlei Einfluss auf den Linktext, die Gestaltung, auf eventuelle Verletzungen geltender Rechte, auch Marken- und Titelrechte und Inhalte der gelinkten Seiten haben.\n                      Deshalb distanzieren wir uns hiermit ausdr\u00fccklich von den Linkformulierungen, sowie von allen Inhalten aller gelinkten Seiten auf unserer Homepage und machen uns ihre Inhalte nicht zu Eigen. Diese Erkl\u00e4rung gilt f\u00fcr alle auf unserer\n                      Website angebrachten Links und f\u00fcr alle Inhalte der Seiten, zu denen die bei uns angemeldeten Links f\u00fchren. Beim Lesen und Nutzen der Links sollten Sie sich hier\u00fcber im Klaren sein!<\/p>\n                  <\/div>\n                <\/div>\n              <\/div>\n            <\/div>\n          <\/div>\n        <\/div>\n      <\/div>\n    <\/div>\n  <\/div>\n<\/div>","protected":false},"excerpt":{"rendered":"<p>Wer wir sind Das Praktikum AC2 findet in den Praktikumss\u00e4len der Anorganischen Chemie am Department&nbsp; Chemie der LMU M\u00fcnchen statt. Es ist dem Lehrstuhl f\u00fcr Anorganische Festk\u00f6rperchemie, Prof. Dr. Wolfgang Schnick, angegliedert. Das Praktikum wird verantwortlich konzipiert und geleitet von PD. Dr. Constantin Hoch. Mail an Constantin Hoch Verantwortlich f\u00fcr diese Seiten Fakult\u00e4t Chemie und [&hellip;]<\/p>\n","protected":false},"author":1,"featured_media":0,"parent":0,"menu_order":0,"comment_status":"closed","ping_status":"closed","template":"page-templates\/full-width-page.php","meta":{"footnotes":""},"class_list":["post-3","page","type-page","status-publish","hentry"],"_links":{"self":[{"href":"https:\/\/ac2praktikum.cup.uni-muenchen.de\/index.php\/wp-json\/wp\/v2\/pages\/3","targetHints":{"allow":["GET"]}}],"collection":[{"href":"https:\/\/ac2praktikum.cup.uni-muenchen.de\/index.php\/wp-json\/wp\/v2\/pages"}],"about":[{"href":"https:\/\/ac2praktikum.cup.uni-muenchen.de\/index.php\/wp-json\/wp\/v2\/types\/page"}],"author":[{"embeddable":true,"href":"https:\/\/ac2praktikum.cup.uni-muenchen.de\/index.php\/wp-json\/wp\/v2\/users\/1"}],"replies":[{"embeddable":true,"href":"https:\/\/ac2praktikum.cup.uni-muenchen.de\/index.php\/wp-json\/wp\/v2\/comments?post=3"}],"version-history":[{"count":1,"href":"https:\/\/ac2praktikum.cup.uni-muenchen.de\/index.php\/wp-json\/wp\/v2\/pages\/3\/revisions"}],"predecessor-version":[{"id":44785,"href":"https:\/\/ac2praktikum.cup.uni-muenchen.de\/index.php\/wp-json\/wp\/v2\/pages\/3\/revisions\/44785"}],"wp:attachment":[{"href":"https:\/\/ac2praktikum.cup.uni-muenchen.de\/index.php\/wp-json\/wp\/v2\/media?parent=3"}],"curies":[{"name":"wp","href":"https:\/\/api.w.org\/{rel}","templated":true}]}}