{"id":9223,"date":"2021-09-10T15:36:12","date_gmt":"2021-09-10T13:36:12","guid":{"rendered":"https:\/\/ac2praktikum.cup.uni-muenchen.de\/index.php\/allgemeine-infos\/"},"modified":"2026-04-07T08:25:53","modified_gmt":"2026-04-07T06:25:53","slug":"allgemeine-infos","status":"publish","type":"page","link":"https:\/\/ac2praktikum.cup.uni-muenchen.de\/index.php\/allgemeine-infos\/","title":{"rendered":"Allgemeine Infos"},"content":{"rendered":"<div data-colibri-id=\"9223-c1\" class=\"style-9136 style-local-9223-c1 position-relative\">\n  <!---->\n  <div data-colibri-component=\"section\" data-colibri-id=\"9223-c2\" id=\"custom\" class=\"h-section h-section-global-spacing d-flex align-items-lg-center align-items-md-center align-items-center style-9137 style-local-9223-c2 position-relative\">\n    <!---->\n    <!---->\n    <div class=\"h-section-grid-container h-section-boxed-container\">\n      <!---->\n      <div data-colibri-id=\"9223-c3\" class=\"h-row-container gutters-row-lg-2 gutters-row-md-2 gutters-row-0 gutters-row-v-lg-2 gutters-row-v-md-2 gutters-row-v-2 style-9138 style-local-9223-c3 position-relative\">\n        <!---->\n        <div class=\"h-row justify-content-lg-center justify-content-md-center justify-content-center align-items-lg-stretch align-items-md-stretch align-items-stretch gutters-col-lg-2 gutters-col-md-2 gutters-col-0 gutters-col-v-lg-2 gutters-col-v-md-2 gutters-col-v-2\">\n          <!---->\n          <div class=\"h-column h-column-container d-flex h-col-lg-auto h-col-md-auto h-col-auto style-9139-outer style-local-9223-c4-outer\">\n            <div data-colibri-id=\"9223-c4\" class=\"d-flex h-flex-basis h-column__inner h-px-lg-2 h-px-md-2 h-px-2 v-inner-lg-2 v-inner-md-2 v-inner-2 style-9139 style-local-9223-c4 position-relative\">\n              <!---->\n              <!---->\n              <div class=\"w-100 h-y-container h-column__content h-column__v-align flex-basis-100 align-self-lg-start align-self-md-start align-self-start\">\n                <!---->\n                <div data-colibri-id=\"9223-c5\" class=\"h-text h-text-component style-9142 style-local-9223-c5 position-relative h-element\">\n                  <!---->\n                  <!---->\n                  <div class=\"\">\n                    <p>Gut zu wissen\n                      <br>\n                    <\/p>\n                  <\/div>\n                <\/div>\n              <\/div>\n            <\/div>\n          <\/div>\n          <div class=\"h-column h-column-container d-flex h-col-lg-auto h-col-md-auto h-col-auto style-9140-outer style-local-9223-c6-outer\">\n            <div data-colibri-id=\"9223-c6\" class=\"d-flex h-flex-basis h-column__inner h-px-lg-2 h-px-md-2 h-px-2 v-inner-lg-2 v-inner-md-2 v-inner-2 style-9140 style-local-9223-c6 position-relative\">\n              <!---->\n              <!---->\n              <div class=\"w-100 h-y-container h-column__content h-column__v-align flex-basis-100 align-self-lg-start align-self-md-start align-self-start\">\n                <!---->\n                <div data-colibri-id=\"9223-c7\" class=\"h-text h-text-component style-9141 style-local-9223-c7 position-relative h-element\">\n                  <!---->\n                  <!---->\n                  <div class=\"\">\n                    <p>Das AC2-Praktikum wird immer im Sommersemester angeboten und richtet sich insbesondere an die Studierenden des 4. Fachsemesters Bachelor Chemie &amp; Biochemie. Es findet in drei 4-w\u00f6chigen Bl\u00f6cken im Wechsel mit den Praktika der BC\n                      und der PC statt. Das Praktikum findet ganzw\u00f6chig nachmittags in den S\u00e4len K, L, M und N von Haus D statt. Details zu den Zeiten der drei Bl\u00f6cke&nbsp;findest Du ganz oben auf dieser Seite unter &#8220;Termine&#8221;. Im Sommersemester 2023 werden\n                      aufgrund der geringen Teilnehmerzahl nur Block 1 und Block 3 stattfinden.\n                      <br>\n                    <\/p>\n                    <p>Zur Anmeldung f\u00fcr Studierende und f\u00fcr diejenigen, die sich f\u00fcr die Mitarbeit als Tutorin oder Tutor interessieren, gibt&#8217;s genauere Infos und Links auf dieser Seite ganz oben unter &#8220;Anmeldung&#8221;.\n                      <br>\n                    <\/p>\n                    <p>Detaillierte Infos zum Praktikum und eine Menge n\u00fctzliches Material gibt es im Login-gesch\u00fctzten Bereich dieser Seite. Das Login wird bei der Einf\u00fchrungsveranstaltung bekannt gegeben.\n                      <br>\n                    <\/p>\n                  <\/div>\n                <\/div>\n              <\/div>\n            <\/div>\n          <\/div>\n        <\/div>\n      <\/div>\n      <div data-colibri-id=\"9223-c8\" class=\"h-row-container gutters-row-lg-2 gutters-row-md-2 gutters-row-0 gutters-row-v-lg-2 gutters-row-v-md-2 gutters-row-v-2 style-9143 style-local-9223-c8 position-relative\">\n        <!---->\n        <div class=\"h-row justify-content-lg-center justify-content-md-center justify-content-center align-items-lg-stretch align-items-md-stretch align-items-stretch gutters-col-lg-2 gutters-col-md-2 gutters-col-0 gutters-col-v-lg-2 gutters-col-v-md-2 gutters-col-v-2\">\n          <!---->\n          <div class=\"h-column h-column-container d-flex h-col-lg-auto h-col-md-auto h-col-auto style-9144-outer style-local-9223-c9-outer\">\n            <div data-colibri-id=\"9223-c9\" class=\"d-flex h-flex-basis h-column__inner h-px-lg-2 h-px-md-2 h-px-2 v-inner-lg-2 v-inner-md-2 v-inner-2 style-9144 style-local-9223-c9 position-relative\">\n              <!---->\n              <!---->\n              <div class=\"w-100 h-y-container h-column__content h-column__v-align flex-basis-100 align-self-lg-start align-self-md-start align-self-start\">\n                <!---->\n                <div data-colibri-id=\"9223-c10\" class=\"h-text h-text-component style-9146 style-local-9223-c10 position-relative h-element\">\n                  <!---->\n                  <!---->\n                  <div class=\"\">\n                    <p> Veranstaltungen zum AC2-Praktikum\n                      <br>\n                    <\/p>\n                  <\/div>\n                <\/div>\n              <\/div>\n            <\/div>\n          <\/div>\n          <div class=\"h-column h-column-container d-flex h-col-lg-auto h-col-md-auto h-col-auto style-9145-outer style-local-9223-c11-outer\">\n            <div data-colibri-id=\"9223-c11\" class=\"d-flex h-flex-basis h-column__inner h-px-lg-2 h-px-md-2 h-px-2 v-inner-lg-2 v-inner-md-2 v-inner-2 style-9145 style-local-9223-c11 position-relative\">\n              <!---->\n              <!---->\n              <div class=\"w-100 h-y-container h-column__content h-column__v-align flex-basis-100 align-self-lg-start align-self-md-start align-self-start\">\n                <!---->\n                <div data-colibri-id=\"9223-c12\" class=\"h-text h-text-component style-9147 style-local-9223-c12 position-relative h-element\">\n                  <!---->\n                  <!---->\n                  <div class=\"\">\n                    <p>Kurz vor Beginn des Praktikums findet die Einf\u00fchrungsveranstaltung statt. Den genauen Termin findest Du hier ganz oben unter TERMINE. Das ist eine <strong>Pflichtveranstaltung<\/strong>, in der die Praktikumspl\u00e4tze vergeben werden.\n                      Zudem werden der Ablauf, das Bewertungsverfahren und die AC2-Spielregeln erkl\u00e4rt.<\/p>\n                    <p>Das Seminar zum AC2-Praktikum findet normalerweise als dreit\u00e4gige Blockveranstaltung vor Beginn des Praktikums statt, auch hier w\u00e4ren die TERMINE hier oben auf der Seite zu finden. <\/p>\n                    <p>F\u00fcr jeden AC2-Block gibt es eine Sicherheitsunterweisung. Auch diese TERMINE findest Du hier oben auf der Seite. Die Sicherheitseinweisung ist eine <strong>Pflichtveranstaltung<\/strong>.\n                      <br>\n                    <\/p>\n                  <\/div>\n                <\/div>\n              <\/div>\n            <\/div>\n          <\/div>\n        <\/div>\n      <\/div>\n    <\/div>\n  <\/div>\n<\/div>","protected":false},"excerpt":{"rendered":"<p>Gut zu wissen Das AC2-Praktikum wird immer im Sommersemester angeboten und richtet sich insbesondere an die Studierenden des 4. Fachsemesters Bachelor Chemie &amp; Biochemie. Es findet in drei 4-w\u00f6chigen Bl\u00f6cken im Wechsel mit den Praktika der BC und der PC statt. Das Praktikum findet ganzw\u00f6chig nachmittags in den S\u00e4len K, L, M und N von [&hellip;]<\/p>\n","protected":false},"author":1,"featured_media":0,"parent":0,"menu_order":0,"comment_status":"closed","ping_status":"closed","template":"page-templates\/full-width-page.php","meta":{"footnotes":""},"class_list":["post-9223","page","type-page","status-publish","hentry"],"_links":{"self":[{"href":"https:\/\/ac2praktikum.cup.uni-muenchen.de\/index.php\/wp-json\/wp\/v2\/pages\/9223","targetHints":{"allow":["GET"]}}],"collection":[{"href":"https:\/\/ac2praktikum.cup.uni-muenchen.de\/index.php\/wp-json\/wp\/v2\/pages"}],"about":[{"href":"https:\/\/ac2praktikum.cup.uni-muenchen.de\/index.php\/wp-json\/wp\/v2\/types\/page"}],"author":[{"embeddable":true,"href":"https:\/\/ac2praktikum.cup.uni-muenchen.de\/index.php\/wp-json\/wp\/v2\/users\/1"}],"replies":[{"embeddable":true,"href":"https:\/\/ac2praktikum.cup.uni-muenchen.de\/index.php\/wp-json\/wp\/v2\/comments?post=9223"}],"version-history":[{"count":1,"href":"https:\/\/ac2praktikum.cup.uni-muenchen.de\/index.php\/wp-json\/wp\/v2\/pages\/9223\/revisions"}],"predecessor-version":[{"id":45488,"href":"https:\/\/ac2praktikum.cup.uni-muenchen.de\/index.php\/wp-json\/wp\/v2\/pages\/9223\/revisions\/45488"}],"wp:attachment":[{"href":"https:\/\/ac2praktikum.cup.uni-muenchen.de\/index.php\/wp-json\/wp\/v2\/media?parent=9223"}],"curies":[{"name":"wp","href":"https:\/\/api.w.org\/{rel}","templated":true}]}}